j + 4 + 2. What are the prime factors of j?
2, 3
Let y(l) = 3*l**2 + 4*l - 2. What are the prime factors of y(-4)?
2, 3, 5
Let n(o) = -2*o**2 + 2*o - 4. Let v(g) = 3*g**2 - 3*g + 5. Let u(b) = 4*n(b) + 3*v(b). Let s = -30 + 27. List the prime factors of u(s).
11
Let j(v) = v**2 - v - 10. Let w be j(-7). Let p = w + -27. What are the prime factors of p?
19
Let g(l) = 2*l**2 + 8*l - 15. Let s(r) = -r - 19. Let v be s(-12). What are the prime factors of g(v)?
3
Suppose 2*z + 5*u = u + 128, 4*u + 162 = 3*z. List the prime factors of z.
2, 29
Let f(z) = z**3 - 2*z**2 + 3*z - 3. Let i be f(2). Let o(g) = -g + 2 + 2*g**2 + g - i*g. List the prime factors of o(4).
2, 11
Let i(h) = h**2 - 3*h + 7. What are the prime factors of i(5)?
17
Suppose 4 = -3*i + 10. What are the prime factors of 2/(i + 15/(-9))?
2, 3
Suppose -413 = -2*i - f, -5*i + 0*i + f = -1029. What are the prime factors of i?
2, 103
Let o(x) = -x**2 - x + 70. Let q be o(0). Suppose -154 - q = -4*v. What are the prime factors of (-30)/12*v/(-10)?
2, 7
Suppose 1 + 1 = -2*j, 0 = 2*s - j - 23. What are the prime factors of s?
11
Let j(i) = 7*i**2 - i. List the prime factors of j(-3).
2, 3, 11
Suppose 0 = k + k - 3*l - 13, -4*k = 5*l + 7. Let m be (0 - k) + 21/3. Suppose 0*u = m*u - 70. What are the prime factors of u?
2, 7
Suppose 3*a = 2*b - 4, 12 = -0*a - 3*a. Let j(f) = -f**2 - 3*f + 4. Let p be j(b). What are the prime factors of (-2 - p)/(-2)*10?
2, 5
Suppose -43*g - 71 = -44*g. What are the prime factors of g?
71
Suppose 0 = -2*b + 2*w, -w - 15 = -2*b - 4*w. Let r = -21 + 17. List the prime factors of (r + b)*(-10 + 0).
2, 5
Let q(u) = -u**3 + 6*u**2 + 5*u - 6. What are the prime factors of q(3)?
2, 3
Suppose -3*a + t + 52 = 6*t, -5*t = -2*a + 18. What are the prime factors of a?
2, 7
Suppose -2*r + 3*i = -3, -2*r = 4*i - 8 - 2. Suppose -u + l = u - 3, r*u + 5*l - 11 = 0. Suppose u = 2*a - 22. List the prime factors of a.
2, 3
Let a(h) = -3*h**3 + h**2 - 4*h - 6. List the prime factors of a(-3).
2, 3
Let z = -1 + 2. Let i(s) = 9*s**3 - s**2 - 41 + 41. What are the prime factors of i(z)?
2
Let a(g) be the third derivative of 7*g**6/30 - g**5/60 - g**4/24 + g**3/6 - 2*g**2. What are the prime factors of a(1)?
3
Let s be (1/3)/((-6)/(-36)). Suppose s = 5*n + 7. What are the prime factors of 42/4 + n/(-2)?
11
Let g(p) = p + 10. Let u be g(-6). Suppose u*h = 2*m - 2, -h + 0*h = 2*m - 22. List the prime factors of m.
3
Suppose -3*w + 12 = -3. Suppose -4*b - 5*l + 12 = -7, 0 = -w*l - 25. Suppose 0*a + a - b = 0. List the prime factors of a.
11
Let r(v) = -3*v**3 - 8*v**2 + v - 2. List the prime factors of r(-3).
2
Let z(v) = v**2 - 5. Let r be z(-6). Let i be 6/9 - 46/(-3). Let x = r - i. List the prime factors of x.
3, 5
Suppose 4*d + 29 - 81 = 0. Let h be 15/(-1)*(-2)/6. Let q = d - h. List the prime factors of q.
2
Let k = -1 + 5. Suppose 0 + k = s. List the prime factors of s.
2
Suppose 0*y - 2*y + 4 = 0. Suppose -y*k = -9 - 43. Suppose 0 = 5*n - k - 14. List the prime factors of n.
2
Let h be ((-3)/(-2))/(12/16). Suppose -q + 3*k = -h*q + 1, 59 = 5*q - 3*k. List the prime factors of q.
2, 5
Suppose 0 = -5*n + 94 - 19. What are the prime factors of (-1*3)/(n/(-10))?
2
Let d be ((-25)/15)/((-1)/3). Let z(r) = r**2 - 8*r + 9. Let q be z(7). Suppose 4*h + q = d*h. List the prime factors of h.
2
Suppose 4*t + 2*l - 20 = -0*l, 4*t - 20 = 4*l. Suppose 5*p - n = -6*n + 35, -t*n = -p + 37. List the prime factors of p.
2, 3
Suppose -5*k = -2 - 18. Let a be 1/(-1) + 40/k. Let v = 21 - a. What are the prime factors of v?
2, 3
Suppose -113 = -3*v + 100. What are the prime factors of v?
71
Suppose -2*f + 3*v = -14, 3*f + v = -f + 14. Suppose s - f*s = 0. Let n = 8 + s. What are the prime factors of n?
2
Suppose -8 - 49 = -3*a. Let c(l) = 2*l + 8. Let o be c(-8). Let p = o + a. List the prime factors of p.
11
What are the prime factors of 80/35 + (-6)/21?
2
Suppose -2*j = -j - 4. Suppose -16 = -2*c - 2*x, j = 2*x + 2*x. List the prime factors of c.
7
Let r be (-4)/12 + 177/(-9). Let t = r + 32. What are the prime factors of t?
2, 3
Let m(y) = -3*y**3 + 16*y**2 - 8*y + 1. Let c be m(6). Suppose -2*o - 108 = o. What are the prime factors of c/(-9) + 8/o?
13
Let b be 58*(-3)/(-1*3). Let i(v) = v**2 + 6*v + 5. Let t be i(-5). Suppose t = -4*f - 22 + b. What are the prime factors of f?
3
Let c(d) = -d**2 + d + 12. Suppose 0*r = r. Let x be c(r). List the prime factors of 12/(-10)*(-40)/x.
2
Let x(k) = -k**2 + 3*k. Let w be x(3). Let d(a) = -a + 22. List the prime factors of d(w).
2, 11
Let x(n) = -n**3 + 5*n**2 - 2*n + 2. Let u be x(4). What are the prime factors of 94/10 + (-4)/u?
3
What are the prime factors of -3*-29*(3 + 24/(-9))?
29
Let l(i) = -i**3 + 9*i**2 - 7*i - 1. List the prime factors of l(5).
2
Let l(s) = s**2. Let q be l(-1). Let u be 9/(q - -2) + -1. Suppose -u*x - 52 = -6*x. What are the prime factors of x?
13
Suppose 2*s + 3*s = -55. Let l = 41 + -19. Let q = l + s. List the prime factors of q.
11
Let f = 251 + -143. What are the prime factors of f?
2, 3
Let p(k) be the second derivative of k**5/5 - k**4/6 + k**3/3 - 3*k**2/2 + 8*k. List the prime factors of p(2).
5
Let v(t) = t**2 + 8*t + 6. What are the prime factors of v(8)?
2, 67
Let q = 16 - -5. What are the prime factors of q?
3, 7
Suppose 3*f + 3 = 0, 2 = l - 3*f + 2*f. Let m = 3 - l. List the prime factors of m.
2
Let w = 14 - 10. Suppose -y = -w*o + 8, 5*y = -3*o + 2*o + 2. Suppose y = -5*q + 14 + 6. What are the prime factors of q?
2
Let y be -1*12/(6/(-3)). Let d be (-20)/y*(-6)/4. Suppose -3*v + d + 4 = 0. What are the prime factors of v?
3
Let b = 8 + -6. Suppose -b*k - 2*w = -10, 5*k + 22 = 3*w + 79. What are the prime factors of k?
3
Let m = 0 - -2. Let l = 10 - m. Let n = l - 6. What are the prime factors of n?
2
Let l = 6 - -111. List the prime factors of l.
3, 13
Let c(x) be the first derivative of x**3/3 - 7*x**2/2 + 8*x - 1. What are the prime factors of c(6)?
2
Suppose 0 = -r + 4*r. Let x(f) = -f**2 - 12*f + 6. Let l be x(-11). Suppose -2*u + l - 5 = r. List the prime factors of u.
2, 3
Let z(o) = -o**3 + 11*o**2 + 12*o + 12. Let h(n) = -n**2 + 9*n - 6. Let p be h(6). What are the prime factors of z(p)?
2, 3
Let k be (0/(3 - 1))/(-2). Suppose -26 = -4*n - 0*r + 5*r, -3*n + 4*r + 19 = k. Suppose b + 8 = 2*z, 5*b + n + 1 = 5*z. What are the prime factors of z?
2, 3
Suppose 0 = 5*x - 2*q - 15, -3*x + 4*q - 6 + 29 = 0. Suppose -x = -i + 19. List the prime factors of i.
2, 5
Suppose -4*r - 3*n + 39 = 0, -3*r - n + 4*n = -24. Suppose -4*t = t + b - 6, 4*b + 6 = -5*t. Let p = r + t. What are the prime factors of p?
11
Let p = 640 + -371. What are the prime factors of p?
269
Suppose -2*o - 2 = -4. Let q be (o + 5)*(-2)/(-3). Suppose 3*h - 25 = -0*t - 2*t, 0 = -4*h + q*t. What are the prime factors of h?
5
Suppose 0 = -3*q + q + 4. Suppose 0*h = -q*h. Suppose -37 = -5*w - h*n + n, 4*w = n + 30. What are the prime factors of w?
7
Suppose 6 + 6 = -4*f. What are the prime factors of (-4)/((9/6)/f)?
2
Let u(h) = h**3 - 7*h**2 + 6. Let s(v) = v**3 - 1. Let a be s(2). List the prime factors of u(a).
2, 3
List the prime factors of -2*173/(-4 - (-2)/1).
173
Let j = -1 - -4. Suppose 4*a - j*a = 0. Suppose a = -f - 3*f - 5*h + 70, 16 = f + 2*h. What are the prime factors of f?
2, 5
Suppose -2*a + a = -3. Suppose -164 + 35 = -a*x. List the prime factors of x.
43
Suppose j - c = 28, 2*c + c = 3. List the prime factors of j.
29
Let a = -5 - -8. Let o(g) = g. Let i be o(a). List the prime factors of i + 3 - (-1)/1.
7
Let h(l) be the second derivative of l**3/6 - 3*l**2 - 5*l. What are the prime factors of h(10)?
2
Let m(q) = -2 + 2 + 3*q - 13*q. List the prime factors of m(-1).
2, 5
Suppose -198 - 194 = -4*r. List the prime factors of r.
2, 7
Let l = 112 - 2. Suppose 5*d - l = 5*i, -3*i = -d + 66 + 6. What are the prime factors of 124/10 + 10/i?
2, 3
Let b(i) = -43*i**3 + i**2 + 2*i + 2. What are the prime factors of b(-1)?
2, 11
Let z = -137 - -202. List the prime factors of z.
5, 13
Let v(b) = 7 + 3 - 2*b + 0*b. Let r be v(9). Let f(h) = -h**3 - 7*h**2 + 8*h + 5. What are the prime factors of f(r)?
5
Let l(g) = -30*g. List the prime factors of l(-1).
2, 3, 5
Let x = 95 + -89. What are the prime factors of x?
2, 3
Let x(h) = -5*h**3 + 3*